/30 - a**4/24 - 3*a**2. Let x be r(-1). What is s(x)?
12
Let b be (2/6)/((-30)/(-45)). Let j(h) be the first derivative of -2 + b*h**2 + 2*h. What is j(-5)?
-3
Let t(o) = -o**3 + 6*o**2. Let v be t(6). Let r(y) = -4 - 3*y + 2*y + v*y. Suppose 5 = -4*s - 7. Give r(s).
-1
Let f(z) = 1 - 4*z - 4*z + 3*z**2 - 3 + 6*z. Calculate f(2).
6
Let y(q) = -q**2 - 3*q. Let b = -6 + 3. Let m(j) = -2*j + 2. Let t be m(b). Suppose -v = 2, -4*p - v - t - 10 = 0. Calculate y(p).
-4
Suppose -4*i + d - 14 = -38, d = 3*i - 19. Suppose 0 = -2*h - 2*h + 8. Let k(o) = -4 + o + h + 2. Determine k(i).
5
Let q be (-351)/(-63) - (-3)/7. Let a(d) = d**2 - 9*d + 5. Calculate a(q).
-13
Let f(q) = -5*q**2 + 2*q. Let z(o) = -11*o**2 + 3*o. Let s(g) = -9*f(g) + 4*z(g). Determine s(5).
-5
Let q(x) = x**3 + 5*x**2 + 2*x + 5. Let z(s) = s**3 + 4*s**2 + s + 4. Let a(j) = 3*q(j) - 4*z(j). Let k(i) = -i**2 - 2*i + 1. Let v be k(-2). Determine a(v).
-1
Let m(t) = -t - 1. Let d(v) = -6*v. Let g(j) = -d(j) + 4*m(j). Determine g(4).
4
Let g be ((-3)/3)/(2/4). Let w = g + 1. Let s(n) = n - 9 + 0*n**2 - 8*n**2 + 9. Determine s(w).
-9
Suppose 0*g - 2*g = -16. Let c be ((-1)/(-2))/(2/g). Let f(o) = 2*o - 3. Determine f(c).
1
Let b(u) = -10 - 5*u - 5*u + 11*u. Calculate b(7).
-3
Let h = 0 - -2. Let g(b) = 0*b - 2 - 6*b + 4*b + 3*b. Give g(h).
0
Let c be 5 - 8 - (0 - 0). Suppose 0 = -3*s - 2 - 19. Let a = c - s. Let j(n) = n**2 - 5*n + 1. Calculate j(a).
-3
Let i(l) = 2*l**2 - 3*l + 2. Let j(y) = -y - 8. Let o be j(-8). Let k = 2 + o. What is i(k)?
4
Let y(d) = -d**2 + 4*d + 2. Let j be (-4)/(-12) + 17/3. Determine y(j).
-10
Let l(j) be the first derivative of j**5/20 + j**4/2 + j**3 - 2*j - 2. Let m(b) be the first derivative of l(b). Let a = 5 + -9. Calculate m(a).
8
Let n(c) = c**3 + 8*c**2 + 9*c + 16. Let d be n(-7). Let t(k) be the second derivative of -2*k + 1/2*k**d - 1/6*k**3 + 0. Give t(4).
-3
Let h = -6 + 1. Let x(v) be the first derivative of v**2/2 + 4*v + 35. Determine x(h).
-1
Let n(y) = 3*y**2 + y - 1. Suppose 2*p = -5*q - 0*q - 20, 4*p - 4 = q. Let h(b) be the second derivative of b**4/12 + b**2/2 - 3*b. Let i be h(p). What is n(i)?
3
Suppose 8*k = 12*k - 24. Let j(n) = -8*n - 4 + n**2 + 6 + 2*n. Let y be j(k). Let s(v) = 3*v - 2. Determine s(y).
4
Let l(y) be the third derivative of y**5/120 - y**4/8 + y**3/6 + y**2. Let c(a) be the first derivative of l(a). Suppose 3*q = -1 + 10. Determine c(q).
0
Let w be 33/6 - (-1)/2. Let b(h) = 5 - 15*h**2 - h**3 + 6*h**3 - w. Let o(q) = 2*q**3 - 7*q**2. Let g(u) = 3*b(u) - 7*o(u). Give g(-3).
6
Let z(o) = 6*o. Let k(n) = 3*n + n - n**2 + 0*n + 6. Let r be k(5). What is z(r)?
6
Suppose -3*h = 4*p + 16, p + 3*p = 8. Let n(l) = l + 5. What is n(h)?
-3
Let k(g) be the first derivative of -1/2*g**2 + g + 10/3*g**3 + 4. Give k(1).
10
Let i(f) = -5*f**3 + 8*f**2 - 9*f - 15. Let s(u) = 3*u**3 - 4*u**2 + 5*u + 8. Let g(o) = -4*i(o) - 7*s(o). Give g(-3).
-8
Let s(j) = -j + 2. Suppose -2*z = z - 21. Let f(b) = -b + 4. Let d be f(z). What is s(d)?
5
Let g(u) = u**3 + u**2 + 13. Suppose 0 = 9*c - c. Determine g(c).
13
Suppose -s = 2*s + 18. Let w(o) be the first derivative of -o**3/3 - 5*o**2/2 + 5*o - 2. Calculate w(s).
-1
Let k be -3 - ((-2)/3)/((-28)/(-147)). Let p(q) be the second derivative of -q + 0 - 1/20*q**5 - k*q**2 - 1/3*q**3 + 1/6*q**4. Calculate p(2).
-5
Let r(d) = -d**2 - 4*d + 5. Let c be r(-5). Let g be -2*2/4*c. Let l(b) = -b**2 + b + 3. Give l(g).
3
Let q(k) be the first derivative of -7/2*k**2 - 6*k + 8 - 1/3*k**3. Determine q(-4).
6
Let c be (1 + 14/1)/1. Suppose 4*o = 3*n - 18, 5*n - 3*o - c - 4 = 0. Let k(m) = 3*m**n - 2 + 0*m - 2*m + 0*m - m**3. Give k(2).
-2
Suppose -2*q - 3 = -q, 3*f + q + 6 = 0. Let a = -6 - -10. Let h = a + f. Let y(b) = b + 2. Determine y(h).
5
Suppose 3*s - 2*k + 4*k - 35 = 0, 0 = -3*s + k + 23. Let z = s - 13. Let l(f) = -f**3 - 4*f**2 - 5. Calculate l(z).
-5
Let p(u) = -u - 4 + 4*u - 2 - 5*u. Calculate p(-5).
4
Suppose d - 7 = -5. Let h(a) = a**2 + a - 1. Calculate h(d).
5
Suppose -3*m - 18 = -3*j, -4*j + m - 5*m = 0. Let w(d) = 5*d - 2. Let g(p) = -11*p + 5. Suppose -2*z = -14 + 2. Let c(q) = z*g(q) + 13*w(q). Determine c(j).
1
Let b(h) = -h + 4. Let g(k) = k + 7. Let o be g(-8). Let m = -4 - o. Let j = m + 3. Calculate b(j).
4
Let i(n) = 7*n**3 + 2*n**2 + 2*n + 1. Let s = 0 + 5. Suppose -2*w + 0*y + 4 = 2*y, -4*w - 3*y = -s. Give i(w).
-6
Let u(q) = -12*q + 10*q + 0 - 1. Let m be u(2). Let a(r) = r**2 + 5*r - 6. What is a(m)?
-6
Let c(i) = i**2 + i - 6. Let u(o) = 2*o + 6. Let t be u(-4). Let k = t + 2. Give c(k).
-6
Suppose -7*u + 25 = -2*u - 5*l, 2*l + 10 = -5*u. Let a(z) = -z**2 + z + 9. Determine a(u).
9
Let q(d) = -d - 3. Suppose -5*x + 2*z - 3*z + 10 = 0, -5*x - 3*z + 10 = 0. Suppose x*v + 12 = -v. Give q(v).
1
Suppose -4*o = 2*l - 2, 0 = 2*l - l + 1. Let p(s) be the second derivative of s**3/3 - s**2/2 + 18*s. Calculate p(o).
1
Let i(m) = -m**3 + 7*m**2 + m - 4. Let c be (-6)/9 - (-23)/3. Calculate i(c).
3
Let d(c) = -3*c**2 + 1 + 1 + 2*c**2. Suppose -z + 3*j = 12, -4*j + 14 = -2*z - 2. Give d(z).
2
Suppose 2*n - m - 7 = 0, 2*n - 25 = -3*m - 2*m. Let x(r) = r**2 - 5*r + 5. Let z(i) = i**2 - 5*i + 5. Let s(o) = n*x(o) - 4*z(o). What is s(4)?
1
Let l(w) = -2*w. Let p be (-4 - -2)/(-2)*-6. Calculate l(p).
12
Suppose 3*m + m - 20 = -4*p, p - 3 = -3*m. Let z(s) = -5*s - 7*s**2 + 2*s**2 + s**3 + 0*s**3. What is z(p)?
6
Let f(x) = x**2 - 5*x + 5. Let h(b) = b**2 + 8*b + 2. Let z be h(-6). Let r(s) = -s - 6. Let k be r(z). Give f(k).
1
Let q(x) = -3*x**2 - 6*x + 3*x - 3 + 1. What is q(-2)?
-8
Let u be -3 + 4/(-5) + (-12)/60. Let q(f) = f + 6. Give q(u).
2
Let m(c) = -c - c**3 + 4*c - c**2 - 6 - 2*c + 4. Calculate m(2).
-12
Let c(o) = -o**2 + 8*o + 6. Suppose 2*i + 4 = 5*p - 34, -4*i = p + 10. What is c(p)?
18
Let q(c) = -2*c. Let k be (-15)/(-10)*2*(-4)/3. Give q(k).
8
Let s(b) = -b**3 - 2*b**2 - 5*b + 5. Let q = 9 - 3. Let w(z) = -z**3 - 2*z**2 - 4*z + 4. Let j(a) = q*s(a) - 7*w(a). Calculate j(-3).
-1
Let g(l) be the first derivative of 2 - l**2 + l**2 - l + l**3. Let j(s) = -s**2 - 3*s + 1. Let p be j(-3). What is g(p)?
2
Let c(b) = b**3 + 7*b**2 + 4. Let x be c(-7). Let t = x - 2. Let d(k) = 5*k - 3 - t*k - 2*k. What is d(3)?
0
Let t(o) = 10*o - 2. Let p be t(2). Suppose i + 5*c = -1, -3*i = 5*c + p - 5. Let q(h) = h**2 + 6*h - 4. Calculate q(i).
-4
Let y(b) = b**2 - 2. Suppose 11*i = 10*i + 3. Give y(i).
7
Let d(j) = 9*j**3 + 6*j**2 - 8*j + 5. Let l(z) = 8*z**3 + 5*z**2 - 7*z + 4. Let n(r) = 6*d(r) - 7*l(r). Let c(a) = -17*a - 15. Let o be c(-1). Calculate n(o).
-8
Let n(z) = z**3 - 9. Let b be 1*4/8 + (-6)/12. Calculate n(b).
-9
Let h be 38/14 - 4/(-14). Let q(y) = -4*y + 5*y - y**h - 2 + 4. Calculate q(2).
-4
Suppose -5 = 6*t + 25. Let f(z) = -9*z**2 + 5*z - 3. Let x(a) = -13*a**2 + 8*a - 5. Let k(n) = t*x(n) + 8*f(n). Calculate k(-1).
-6
Let w(s) = 11*s**2 - 7*s - 2 + 0*s - 10*s**2 + 3. Give w(6).
-5
Let q(t) = -1. Let w(p) = -5*p**3 + 2*p**2 + 2. Let f(x) = 3*q(x) + w(x). Let y be 3/9*(1 + 2). Give f(y).
-4
Let m(g) be the third derivative of -g**5/60 + g**4/8 - g**3/2 + 10*g**2. Calculate m(2).
-1
Let r = 12 + -6. Let j(y) = 6 + y - r + y**3. Let b(o) = -o**2 + o. Let v be b(0). Give j(v).
0
Suppose -4*n + 12 = 0, 5*n - 24 = -3*z - 0*n. Suppose 3 + 0 = -u + 5*a, z*u = -5*a + 11. Let x(d) = u + d - d - 3*d. Give x(-2).
8
Suppose -2*n = 3*n + 25. Let l(t) = -5*t**2 + 4*t - 14. Let b(q) = -2*q**2 + q - 5. Let r(w) = -8*b(w) + 3*l(w). Determine r(n).
3
Let k(o) be the second derivative of -1/2*o**2 + o + 1/3*o**3 + 0. Calculate k(2).
3
Suppose 5*a + 10 = -0*a. Let u(d) = d**3 + d + 2. Calculate u(a).
-8
Let x(p) = p**3 + 4*p**2 + p. Let w be x(-2). Let i(v) = -v**2 + 6*v - 5. Calculate i(w).
-5
Let s(i) = -i - 4. Let j be s(-7). Let r be (-2)/((j - 2) + 1). Let a(f) = -6*f**3 - f**2 + 1. Give a(r).
6
Let i(p) = -p**3 - 2*p**2 + 5*p + 3. Suppose v = 6*v + 15. Let g be i(v). Let w(m) = 5 + 4*m - 8 - 5*m. Determine w(g).
0
Let n(v) = v**3 + 6*v**2 + 8*v + 3. Let l = -25 - -20. Give n(l).
-12
Let a(l) be the third derivative of l**6/120 + l**5/30 - l**4/8 - 4*l**2. Suppose -4*h + 5*h - 6 = 0. Let r be h*-2*(-1)/(-4). Calculate a(r).
0
Suppose -20 = -2*l + 4*u, 22 = 2*l - l + u. Let g(t) = -8 + 2